z + l + 41 = -4*l. Suppose -4*u + v = -8 - 36, -z = -3*u - 4*v. What are the prime factors of u?
2, 5
Let a be 2/(-13) - 784/(-26). What are the prime factors of 2/(-4) - a/(-4)?
7
Suppose 19 = 5*s - g, 0 = 3*s + 3*g - 15. Let l be 4/(-6) + (-310)/3. List the prime factors of (l/(-16))/(2/s).
13
Let q = -11 + 31. Suppose -2*l - q = 2*i + i, i + 16 = -3*l. Let h = 9 + i. What are the prime factors of h?
5
Let h(x) = x**2 - 6*x - 15. What are the prime factors of h(11)?
2, 5
Suppose 0*n - 30 = -2*n - 2*d, -5*n = d - 87. List the prime factors of n.
2, 3
Let v be 4/(5 + -1 + -2). Suppose 0 = 3*f + 4*n - 63, -2*f - f + 63 = -5*n. Suppose v*y - f = -y. List the prime factors of y.
7
Let r(s) = s + 12. Let z be 1/(-5) + 38/(-10). Let w be z/(-14) - (-37)/(-7). List the prime factors of r(w).
7
Let v be 1*(2 - 5)*5. Let a = v + 38. List the prime factors of a.
23
Suppose -p + 217 = -2*x + 32, 4*p = -3*x + 718. List the prime factors of p.
181
Let w = -362 - -539. What are the prime factors of w?
3, 59
Let w = -2 + 6. Suppose -h = -c - 2*c + 12, w*h - 8 = -2*c. Suppose -4*s - 3*m = -33, -c*s + 28 + 8 = 4*m. List the prime factors of s.
2, 3
Let z be 1*(-1)/1 - -1. Suppose -v + 0*v + 9 = z. List the prime factors of v.
3
Let k(n) = 3*n**2 + 8*n + 2. Let o(u) = 2*u**2 + 7*u + 3. Let r(g) = 3*k(g) - 4*o(g). What are the prime factors of r(7)?
3, 5
Suppose u + 2*v = 201, -547 = -4*u - v + 264. What are the prime factors of u?
7, 29
Suppose 1 = 2*l + k, l + 13 = 2*l - 2*k. Suppose -4*i = -7*i - l*h + 48, 2*i - h - 17 = 0. List the prime factors of i.
11
Suppose -3*a + 312 = -3*x, 5*a = x - 152 + 652. What are the prime factors of a?
3, 11
Suppose -2*g + 5*m - m - 22 = 0, 2*g - 3*m + 18 = 0. List the prime factors of 16/(-12)*g/2.
2
Let y(a) = -a**3 + 7*a**2 + 3*a - 8. Let h(n) = 2*n**3 - 14*n**2 - 5*n + 15. Let c(i) = -4*h(i) - 9*y(i). List the prime factors of c(8).
2, 5
Let f = 451 - 194. List the prime factors of f.
257
Suppose 621 = 4*v + 41. List the prime factors of v.
5, 29
Let a = -6 + 11. List the prime factors of a.
5
Let x be (-9)/(-54) + 1151/6. List the prime factors of 1/((-764)/x + 4).
2, 3
Let s(l) = 8*l + 2. Let n be s(6). Suppose 0 = -4*f + 98 + n. Suppose -5*d + 4*q = -42, -5*d = -2*q - 9 - f. What are the prime factors of d?
2, 5
Let a(s) = 14*s**2 - 24*s - 35. Let j(v) = 5*v**2 - 8*v - 12. Let g(x) = 6*a(x) - 17*j(x). Let r be g(-7). What are the prime factors of r*3 + 9/9?
2
Let i = 0 - -8. List the prime factors of i.
2
Let d(g) = g + 15 - 10 + g**3 - g**2 + 20. List the prime factors of d(0).
5
Suppose 69 = -0*l + 3*l. Suppose l = 5*j - 3*w, 5*j + 3*w = j + 40. List the prime factors of j.
7
What are the prime factors of -2*2/12 + (-289)/(-3)?
2, 3
Let r(c) = -c**3 + 5*c**2 + 7*c. List the prime factors of r(6).
2, 3
Let b(m) = m**2 - 7*m + 3. Let k be 6/(-2)*2/(-3). Suppose -k*x - v = -10, 4*v - 4 = -4*x + 8. What are the prime factors of b(x)?
3
Suppose f = -6 + 8. List the prime factors of 32/(-8) + 19 + f.
17
What are the prime factors of 1/5 + (-2940)/(-50)?
59
Let w = 4 + -4. Suppose t = 3*z - 2*z + 2, -3*t + 12 = w. List the prime factors of 11*(3 + (0 - z)).
11
Let k = -103 - -181. List the prime factors of k.
2, 3, 13
Let s = 10 + -6. Suppose 2*i - s = i. Suppose -i*p = -60 - 32. What are the prime factors of p?
23
Let f(p) = -7*p - 10. List the prime factors of f(-10).
2, 3, 5
Let b be -2 - ((0 - 12) + 1). Suppose 2 = p + u - b, -p = -4*u - 11. List the prime factors of p.
11
Suppose -4*n - 1 = -9. What are the prime factors of (-53 + n)*2/(-6)?
17
Let p be (0/2)/(-1 + 2). Suppose k + 3*f = -13, -3*k - 2*k + f - 49 = p. List the prime factors of ((-5)/k)/(1/8).
2
Let j(b) = 6*b**2 - 6*b - 4. Let y(z) = -z**2 + 3. Let x be y(0). List the prime factors of j(x).
2
Suppose -11 - 1 = 3*w, 4*w = n - 12. What are the prime factors of n/(-18) - (-214)/9?
2, 3
Let q(w) = 3*w**3 + 8*w**2 + 2*w**2 - 2*w**3 - w - 1. Let r(n) = -n**3 - 7*n**2 - 10. Let z be r(-7). List the prime factors of q(z).
3
Suppose -16*y - 16 = -18*y. Let g(q) be the first derivative of -q**3/3 + 11*q**2/2 - 10*q + 1. List the prime factors of g(y).
2, 7
Let r be (17 - -2) + 1*-1. Let c be (r/(-21))/(1/(-7)). Let p(h) = h**3 - 5*h**2 - 4*h. What are the prime factors of p(c)?
2, 3
What are the prime factors of (-4)/(-26) - ((-1259)/13)/1?
97
Suppose -2*h - v + 5 = 0, 3*h + v = -h + 13. Suppose q = -l, q - 2*l = -h - 8. What are the prime factors of 6 + 2 + 1 + q?
5
Let d(g) be the second derivative of -g**5/20 + g**4 - g**3/6 + 15*g**2/2 + 4*g. What are the prime factors of d(12)?
3
Let m be (-273)/28*(-13 + 1). Suppose 0 = -4*p - 20, 3*o - p - m = 2*p. List the prime factors of o.
2, 17
Let a(t) = -t**2 - 14*t - 18. Suppose 5 = -5*b + 3*n, 2*b - 30 = -3*b - 4*n. Suppose b*f + 18 + 6 = 0. What are the prime factors of a(f)?
2, 3
Let s = 990 - 680. List the prime factors of s.
2, 5, 31
Suppose 4*i - 219 = -m, 0 = 2*i + i - 4*m - 150. What are the prime factors of i?
2, 3
Let n = -13 - -15. Suppose -58 = -2*s - n. What are the prime factors of s?
2, 7
Suppose 5*j - 35 + 5 = 0. Let m(h) = -h**3 + 5*h**2 + 7*h + 2. What are the prime factors of m(j)?
2
Let v(x) be the second derivative of x**4/6 - x**3/3 - 3*x**2/2 + 2*x. Let s be v(3). What are the prime factors of (-6)/4*(-84)/s?
2, 7
Let n(k) = -3*k**2 - 3*k - 20. Let a(l) = l**2 + l. Let g(m) = 4*a(m) + n(m). Let d be g(0). Let f = -11 - d. List the prime factors of f.
3
Let c be -10*(-4)/2 + 2. Suppose 2*r - c = 42. What are the prime factors of r?
2
Let v be 933/15 + (-1)/5. Let m = v - 102. Let i = m - -57. List the prime factors of i.
17
Suppose t + 3*b = 3 - 13, 8 = -2*t - 3*b. What are the prime factors of (-1 - -3)*(t - 0)?
2
Suppose -3*s + 2*l - 43 = -0*s, 0 = s - 2*l + 17. Let a = -5 - s. What are the prime factors of a?
2
Suppose 0 = -3*z + 35 - 8. List the prime factors of z.
3
Let n = -8 + 11. Let s(z) = 4*z - 1. Let g be s(n). Let f = g - 4. What are the prime factors of f?
7
Let i(l) = l + 25. List the prime factors of i(16).
41
Let o = -2 + 3. Let b be (-7)/((-10)/(-12) - o). Let w = -29 + b. List the prime factors of w.
13
Let q(x) = 8*x - 2. Let h(m) = 3*m - 20. Let z be h(8). List the prime factors of q(z).
2, 3, 5
Suppose -2 = -5*x - 32. Let p = 9 + x. Suppose b - 2*c = 3, -2*b + 43 = p*b - 3*c. List the prime factors of b.
11
Let t(z) = z**2 - 7*z + 6. What are the prime factors of t(9)?
2, 3
Suppose 0 = 12*a - 16*a + 40. Suppose 0 = o + p - a, 3*o + 3*p - 32 = -p. What are the prime factors of o?
2
Suppose 3*q = 2*q - 4*b, -b = 4*q + 15. List the prime factors of (-86)/(-8) - q/16.
11
Let l = -4 + 6. Suppose -3*n + 45 = l*n. Suppose c - n = 1. List the prime factors of c.
2, 5
Suppose -16*v + 11*v = -185. What are the prime factors of v?
37
Suppose -7*m = -2*m + 50. What are the prime factors of ((-2)/(-4))/(m/(-80))?
2
Let y(v) = v**2 + 7*v + 8. Let f be y(-6). Suppose -5*u + 25 = 0, z + u - f = 3. Suppose 0 = -3*s + 9 - z. What are the prime factors of s?
3
Let x = -2 - -4. Let q be (0 - 10) + x/1. List the prime factors of q/24 - (-7)/3.
2
Let n(f) = -2*f - 7. Let p be 2/10 + 18/10. Let c = p + -9. What are the prime factors of n(c)?
7
Let d(l) = l - 5. Let f be d(8). List the prime factors of (f - -1)*(9 + 1).
2, 5
Let h be 2 - 52*(-3)/(-6). What are the prime factors of (-2)/(-3) + h/(-18)?
2
Let j = 228 - 85. What are the prime factors of j?
11, 13
Let m = 103 - -45. What are the prime factors of m?
2, 37
Suppose 0 = 2*g - 3 - 1. What are the prime factors of g?
2
Let u(c) = 4*c + 1. Let v be u(1). Let d = v - 5. List the prime factors of 63/7*(d - -1).
3
Suppose 3*u - 4*i - 104 = 0, 0 = -3*u + i + 57 + 50. What are the prime factors of u?
2, 3
Suppose 1074 = 4*u + 78. List the prime factors of u.
3, 83
Let a(m) = -m - 1. Let u be 62/(-8) + 8/(-32). List the prime factors of a(u).
7
List the prime factors of ((-15)/(-2))/((-3)/(-4)).
2, 5
Let b(w) = 5*w**2 - 21*w + 26. Let g(u) = -u**2 + 4*u - 5. Let h(j) = -2*b(j) - 11*g(j). Let v be h(2). Suppose -2*a = -v*a + 9. List the prime factors of a.
3
Suppose 5*g = -3*m + 167, -3*g - 105 = 2*m - 4*m. Let d = m + -21. What are the prime factors of d?
3, 11
List the prime factors of (-3)/(-2)*1680/18.
2, 5, 7
Suppose 4*l - 5*h - 46 = 0, -